{"id":659,"date":"2017-02-12T14:45:10","date_gmt":"2017-02-12T14:45:10","guid":{"rendered":"http:\/\/blueowlcreative.com\/wp\/alea\/?page_id=659"},"modified":"2023-11-02T14:37:49","modified_gmt":"2023-11-02T13:37:49","slug":"home","status":"publish","type":"page","link":"https:\/\/zf-solutions.com\/","title":{"rendered":"Home"},"content":{"rendered":"<p>[vc_row full_width=&#187;stretch_row&#187; parallax=&#187;content-moving-fade&#187; css_animation=&#187;fadeIn&#187; bg_type=&#187;image&#187; parallax_style=&#187;vcpb-mlvp-jquery&#187; layer_image=&#187;6919&#8243; parallax_sense=&#187;1.5&#8243; disable_on_mobile_img_parallax=&#187;off&#187; parallax_content=&#187;off&#187; enable_overlay=&#187;off&#187; css=&#187;.vc_custom_1698931158108{margin-bottom: 0px !important;padding-top: 120px !important;padding-bottom: 90px !important;background-color: rgba(255,255,255,0.39) !important;*background-color: rgb(255,255,255) !important;}&#187; el_id=&#187;particles_animation&#187; el_class=&#187;particles_on_top&#187;][vc_column width=&#187;2\/3&#8243; el_class=&#187;trapezoid&#187; css=&#187;.vc_custom_1698930906608{padding-top: 30px !important;padding-right: 20px !important;}&#187;]<h2 class=\"boc_heading  al_left  text_35_on_mobile   inherit_weight\"  style=\"color: #ffffff;font-size: 40;\" ><span>Wir gestalten <strong>L\u00f6sungen.<\/strong><\/span><\/h2><h2 class=\"boc_heading  al_left  cd-headline loading-bar i_f600 boc_animate_when_almost_visible boc_fade-in thin_weight\"  style=\"margin-bottom: 4px;color: #ffffff;\" ><span><b>SAP Technology<\/b><b>SAP HANA Platform<\/b><b>SAP High Availability<\/b><b>SAP (Hybrid-) Cloud<\/b><b>SAP Monitoring<\/b><\/span><\/h2><p class=\"boc_heading  al_left   thin_weight\"  style=\"margin-bottom: 10px;color: #e5e5e5;font-size: 20px;\" ><span>Lernen Sie uns kennen &#8211; kostenlos und unverbindlich!<\/span><\/p><div class=\"boc_spacing \" style=\"height: 14px\"><\/div>[\/vc_column][\/vc_row][vc_row disable_element=&#187;yes&#187; bg_type=&#187;bg_color&#187; bg_override=&#187;full&#187; bg_color_value=&#187;rgba(0,0,0,0.9)&#187; css=&#187;.vc_custom_1580635336267{margin-top: 0px !important;margin-bottom: 0px !important;border-top-width: 0px !important;border-bottom-width: 0px !important;padding-top: 0px !important;padding-bottom: 0px !important;}&#187;][vc_column width=&#187;1\/3&#8243; css=&#187;.vc_custom_1580146287404{margin-top: 0px !important;margin-bottom: 0px !important;border-top-width: 0px !important;border-bottom-width: 0px !important;padding-top: 0px !important;padding-bottom: 0px !important;}&#187;][\/vc_column][vc_column width=&#187;1\/3&#8243; css=&#187;.vc_custom_1580146227954{margin-top: 0px !important;margin-bottom: 0px !important;border-top-width: 0px !important;border-bottom-width: 0px !important;padding-top: 0px !important;padding-bottom: 0px !important;}&#187;]<div class=\"img_carousel_holder  owl_side_arrows\">\t<div class=\"img_carousel mfp_gallery\" id=\"img_carousel_6579\" style=\"opacity:0;\"><div class=\"img_carousel_item boc_owl_lazy\">\t<div class=\"pic  img_hover_effect9\">\r\n\t\t\t\t\t\t\t\t<a href=\"javascript:void(0)\" class=\"\"  target=\"_self\">\r\n\t\t\t\t\t\t\t\t\t<img decoding=\"async\" src=\"https:\/\/zf-solutions.com\/wp-content\/uploads\/2020\/01\/Westhouse_Logo_Wei\u00df_RGB_50x50cm.png\" alt=\"\" \/>\r\n\t\t\t\t\t\t\t\t<\/a>\r\n\t\t\t\t\t\t\t<\/div>\r\n\t\t\t\t\t\t<\/div><\/div>\r\n\t\t\t\t <\/div>[\/vc_column][vc_column width=&#187;1\/3&#8243; css=&#187;.vc_custom_1580146240941{margin-top: 0px !important;margin-bottom: 0px !important;border-top-width: 0px !important;border-bottom-width: 0px !important;padding-top: 0px !important;padding-bottom: 0px !important;}&#187;][\/vc_column][\/vc_row][vc_row css=&#187;.vc_custom_1698929924025{padding-top: 10px !important;padding-bottom: 170px !important;}&#187;][vc_column width=&#187;1\/3&#8243; el_class=&#187;reset_side_padding_in_responsive_column&#187;]<h2 class=\"boc_heading normal_weight al_left   regular_weight\"  style=\"margin-bottom: 1px;margin-top: 4px;color: #f85962;font-size: 17px;\" ><span>Herzlich Willkommen bei<\/span><\/h2><h2 class=\"boc_heading  al_left   inherit_weight\"  style=\"color: #333333;font-size: 28px;\" ><span>ZeroFault Solutions<\/span><\/h2><div class=\"boc_spacing \" style=\"height: 14px\"><\/div>[vc_column_text]Wir freuen uns sehr, Sie auf unserer Seite willkommen zu heissen und stehen Ihnen bei Fragen jederzeit gerne zur Verf\u00fcgung. Am Einfachsten geht es \u00fcber unser <strong>Kontaktformular<\/strong> &#8211; wir melden uns bei Ihnen in K\u00fcrze![\/vc_column_text]<div class=\"boc_spacing \" style=\"height: 14px\"><\/div><a\thref=\"index.php\/contact\/\"  \n\t\t\t\tclass=\"button btn_medium_stretched btn_apple btn_squared btn_normal_style icon_pos_after btn_icon_anim_out  \"  target='_self'><span>Kontakt<\/span> <i class='icon boc_i-arrow-pointing-to-right'><\/i> <\/a>[\/vc_column][vc_column width=&#187;2\/3&#8243; el_class=&#187;reset_side_padding_in_responsive_column&#187; css=&#187;.vc_custom_1446473964546{padding-left: 7% !important;}&#187;]<div class=\"boc_spacing \" style=\"height: 28px\"><\/div>[vc_column_text]Mit unseren erfahrenen und zertifizierten SAP Beratern haben wir es uns zum Ziel gemacht, unsere Kunden vollumfassend und nachhaltig zu betreuen.<\/p>\n<p>Wir bereiten Sie auf die SAP Basis &amp; <a href=\"https:\/\/zf-solutions.com\/index.php\/sol-sap-tech\/\">Technologie<\/a> Themen der Zukunft vor &#8211; ganz egal ob auf Ihrer eigenen On-Premise Plattform oder in der Cloud.<\/p>\n<p>Fehlerfreie und <a href=\"https:\/\/zf-solutions.com\/index.php\/sol-sap-ha\/\">hochverf\u00fcgbare<\/a> L\u00f6sungen sind unser oberstes Gebot. Dabei halten wir Ihre Anforderungen &#171;im Blick&#187; und erarbeiten anhand dieser kosteng\u00fcnstige und effiziente L\u00f6sungen mit hoher Nachhaltigkeit.<\/p>\n<p>Unsere L\u00f6sungen umfassen:[\/vc_column_text][vc_row_inner][vc_column_inner width=&#187;1\/2&#8243;]<div class=\"boc_list_item  \"  >\r\n\t\t\t\t\t<span class=\"li_icon normal \" style=\"\"><i class=\"icon fa fa-check-circle-o\" style=\"color: #f85962;\"><\/i><\/span>\r\n\t\t\t\t\t<div class=\"boc_list_item_text normal\">SAP Technology<\/div>\r\n\t\t\t\t   <\/div><div class=\"boc_list_item  \"  >\r\n\t\t\t\t\t<span class=\"li_icon normal \" style=\"\"><i class=\"icon fa fa-check-circle-o\" style=\"color: #f85962;\"><\/i><\/span>\r\n\t\t\t\t\t<div class=\"boc_list_item_text normal\">SAP HANA Platform<\/div>\r\n\t\t\t\t   <\/div><div class=\"boc_list_item  \"  >\r\n\t\t\t\t\t<span class=\"li_icon normal \" style=\"\"><i class=\"icon fa fa-check-circle-o\" style=\"color: #f85962;\"><\/i><\/span>\r\n\t\t\t\t\t<div class=\"boc_list_item_text normal\">SAP High Availability<\/div>\r\n\t\t\t\t   <\/div>[\/vc_column_inner][vc_column_inner width=&#187;1\/2&#8243;]<div class=\"boc_list_item  \"  >\r\n\t\t\t\t\t<span class=\"li_icon normal \" style=\"\"><i class=\"icon fa fa-check-circle-o\" style=\"color: #f85962;\"><\/i><\/span>\r\n\t\t\t\t\t<div class=\"boc_list_item_text normal\">SAP (Hybrid-) Cloud<\/div>\r\n\t\t\t\t   <\/div><div class=\"boc_list_item  \"  >\r\n\t\t\t\t\t<span class=\"li_icon normal \" style=\"\"><i class=\"icon fa fa-check-circle-o\" style=\"color: #f85962;\"><\/i><\/span>\r\n\t\t\t\t\t<div class=\"boc_list_item_text normal\">SAP Solution Manager<\/div>\r\n\t\t\t\t   <\/div><div class=\"boc_list_item  \"  >\r\n\t\t\t\t\t<span class=\"li_icon normal \" style=\"\"><i class=\"icon fa fa-check-circle-o\" style=\"color: #f85962;\"><\/i><\/span>\r\n\t\t\t\t\t<div class=\"boc_list_item_text normal\">SAP Security Optimization<\/div>\r\n\t\t\t\t   <\/div>[\/vc_column_inner][\/vc_row_inner][\/vc_column][\/vc_row][vc_row full_width=&#187;stretch_row&#187; parallax=&#187;content-moving&#187; parallax_image=&#187;1585&#8243; css=&#187;.vc_custom_1533120168434{margin-bottom: 0px !important;padding-top: 120px !important;padding-bottom: 90px !important;}&#187;][vc_column el_class=&#187;center&#187;]<h2 class=\"boc_heading  center  text_35_on_mobile  boc_animate_when_almost_visible boc_top-to-bottom inherit_weight\"  style=\"margin-bottom: 4px;color: #ffffff;font-size: 40px;\" ><span>Unsere <strong style=\"color: #f85962;\">Dienstleistungen<\/strong><\/span><\/h2><div class=\"boc_heading  center  boc_animate_when_almost_visible boc_top-to-bottom inherit_weight\"  style=\"color: #b3acac;font-size: 20px;\"  data-css_delay=400><span>sind in folgende Bereiche unterteilt:<\/span><\/div><div class=\"boc_spacing \" style=\"height: 50px\"><\/div>[vc_row_inner equal_height=&#187;yes&#187; gap=&#187;35&#8243; css=&#187;.vc_custom_1473749230509{margin-right: -6px !important;margin-left: -6px !important;}&#187;][vc_column_inner el_class=&#187;hover_box_up&#187; width=&#187;1\/3&#8243; css=&#187;.vc_custom_1473749537645{padding-top: 46px !important;padding-right: 30px !important;padding-bottom: 24px !important;padding-left: 30px !important;background-color: rgba(255,255,255,0.06) !important;*background-color: rgb(255,255,255) !important;}&#187;]<div class=\"boc_icon_holder boc_icon_size_large boc_icon_pos_center  \"  style=\"\"><span class=\"boc_icon boc_i-user-chat\" style=\"color:#f85962;\"><\/span><\/div><div class=\"boc_spacing \" style=\"height: 24px\"><\/div><h2 class=\"boc_heading  center   inherit_weight\"  style=\"color: #ffffff;font-size: 21px;\" ><span>Consulting<\/span><\/h2>[vc_column_text]<span style=\"color: #ccc;\">Projektspezifische T\u00e4tigkeiten wie Installationen und Migrationen sowie Betrieb und Beratung remote oder bei Ihnen vor Ort<\/span>[\/vc_column_text][\/vc_column_inner][vc_column_inner el_class=&#187;hover_box_up&#187; width=&#187;1\/3&#8243; css=&#187;.vc_custom_1473749523188{padding-top: 46px !important;padding-right: 30px !important;padding-bottom: 24px !important;padding-left: 30px !important;background-color: rgba(188,188,188,0.06) !important;*background-color: rgb(188,188,188) !important;}&#187;]<div class=\"boc_icon_holder boc_icon_size_large boc_icon_pos_center  \"  style=\"\"><span class=\"boc_icon boc_i-cloud-upload\" style=\"color:#f85962;\"><\/span><\/div><div class=\"boc_spacing \" style=\"height: 24px\"><\/div><h2 class=\"boc_heading  center   inherit_weight\"  style=\"color: #ffffff;font-size: 21px;\" ><span>SAP on Azure<\/span><\/h2>[vc_column_text]<span style=\"color: #ccc;\">Hochspezialisierte Dienstleistungen f\u00fcr die Migration und den Betrieb von SAP Systemen in der Azure Cloud.<\/span>[\/vc_column_text][\/vc_column_inner][vc_column_inner el_class=&#187;hover_box_up&#187; width=&#187;1\/3&#8243; css=&#187;.vc_custom_1473749531835{padding-top: 46px !important;padding-right: 30px !important;padding-bottom: 24px !important;padding-left: 30px !important;background-color: rgba(255,255,255,0.06) !important;*background-color: rgb(255,255,255) !important;}&#187;]<div class=\"boc_icon_holder boc_icon_size_large boc_icon_pos_center  \"  style=\"\"><span class=\"boc_icon boc_i-light\" style=\"color:#f85962;\"><\/span><\/div><div class=\"boc_spacing \" style=\"height: 24px\"><\/div><h2 class=\"boc_heading  center   inherit_weight\"  style=\"color: #ffffff;font-size: 21px;\" ><span>Solutions<\/span><\/h2>[vc_column_text]<span style=\"color: #ece2e2;\">Mit unseren L\u00f6sungen unterst\u00fctzen wir Sie bei der Gestaltung und Optimierung Ihres SAP Systembetriebs\u00a0<\/span>[\/vc_column_text][\/vc_column_inner][\/vc_row_inner][\/vc_column][\/vc_row][vc_row css=&#187;.vc_custom_1473776481204{padding-top: 100px !important;padding-bottom: 60px !important;}&#187;][vc_column el_class=&#187;reset_side_padding_in_responsive_column&#187;]<h2 class=\"boc_heading normal_weight al_left   inherit_weight\"  style=\"margin-bottom: 4px;color: #f85962;font-size: 17px;\" ><span>Bereit f\u00fcr die Zukunft!<\/span><\/h2><h2 class=\"boc_heading  al_left   inherit_weight\"  style=\"color: #333333;font-size: 28px;\" ><span>Mit der SAP HANA in-Memory Plattform<\/span><\/h2><div class=\"boc_spacing \" style=\"height: 12px\"><\/div>[vc_row_inner][vc_column_inner width=&#187;1\/2&#8243; css=&#187;.vc_custom_1454494828330{padding-right: 10% !important;}&#187;]<div class=\"boc_spacing \" style=\"height: 6px\"><\/div>[vc_column_text]Bis Ende des Jahres 2027 (verl\u00e4ngerter Support 2030) m\u00fcssen SAP Business Suite Kunden auf die <a href=\"https:\/\/zf-solutions.com\/index.php\/sol-hana-plat\/\">SAP HANA Plattform<\/a> und die neuen Produkte SAP S\/4HANA und SAP BW\/4HANA migrieren. ZeroFault Solutions \u00fcbernimmt die Migration Ihrer Bestandssysteme auf die SAP HANA Datenbank Plattform sowie die <a href=\"https:\/\/zf-solutions.com\/index.php\/consulting\/\">Konvertierung<\/a> auf\u00a0 SAP S\/4HANA und ber\u00e4t Sie bez\u00fcglich der verschiedenen Migrationswege. Selbstverst\u00e4ndlich installieren wir auch neue Systeme gem\u00e4\u00df \u201eGreenfield\u201c Ansatz und unterst\u00fctzen Sie bei der Wahl der richtigen Architektur, beim Sizing der Systeme sowie der Erstellung und Umsetzung von Betriebskonzepten.<\/p>\n<p>Sollten Sie es vorziehen den Betrieb Ihrer SAP Systeme und Datenbanken auszulagern, haben wir mit unserer <a href=\"https:\/\/zf-solutions.com\/index.php\/sol-sap-otk\/\">Outtasking<\/a> L\u00f6sung das \u201erundum sorglos\u201c Paket. \u00dcberlassen Sie uns die Administration kritischer Systeme oder gleich Ihrer kompletten SAP Systemlandschaft und fokussieren Sie sich auf Ihr Kerngesch\u00e4ft. Wir garantieren den Betrieb Ihrer Systeme nach definierten Service Level Agreements mit h\u00f6chsten Verf\u00fcgbarkeiten.<\/p>\n<p>Starten Sie durch und bereiten Sie sich und Ihre Unternehmung auf die Zukunft vor \u2013 zusammen mit ZeroFault Solutions![\/vc_column_text]<div class=\"boc_spacing \" style=\"height: 14px\"><\/div><div class=\"boc_spacing \" style=\"height: 30px\"><\/div>[\/vc_column_inner][vc_column_inner el_class=&#187;no_side_padding_in_responsive_column&#187; width=&#187;1\/2&#8243; css=&#187;.vc_custom_1556612615470{padding-left: 50% !important;}&#187;]<div class=\"boc_spacing \" style=\"height: 0px\"><\/div><div class=\"circ_numbers_holder  \">\r\n\t\t\t\t\t<div class=\"circ_counter\" data-color=\"#ffad3a\" data-angle=\"\" data-size=\"140\" data-white_text=\"0\">\r\n\t\t\t\t\t\t<canvas width=140 height=140  data-end-nu=\"70\"><\/canvas>\r\n\t\t\t\t\t\t<div class=\"circ_counter_text_holder \"><span class=\"circ_counter_text\" id=\"circ_counter_text7653\"><\/span><span class=\"counter_percent_sign heading_font\">%<\/span>\r\n\t\t\t\t\t\t<\/div>\r\n\t\t\t\t\t\t<div class=\"circ_counter_desc\">Ende der Business Suite Maintenance 2027<\/div>\r\n\t\t\t\t\t<\/div>\r\n\t\t\t\t<\/div><div class=\"boc_spacing \" style=\"height: 30px\"><\/div>[\/vc_column_inner][\/vc_row_inner][\/vc_column][\/vc_row]<\/p>\n","protected":false},"excerpt":{"rendered":"<p>[vc_row full_width=&#187;stretch_row&#187; parallax=&#187;content-moving-fade&#187; css_animation=&#187;fadeIn&#187; bg_type=&#187;image&#187; parallax_style=&#187;vcpb-mlvp-jquery&#187; layer_image=&#187;6919&#8243; parallax_sense=&#187;1.5&#8243; disable_on_mobile_img_parallax=&#187;off&#187; parallax_content=&#187;off&#187; enable_overlay=&#187;off&#187; css=&#187;.vc_custom_1698931158108{margin-bottom: 0px !important;padding-top: 120px !important;padding-bottom: 90px !important;background-color: rgba(255,255,255,0.39) !important;*background-color: rgb(255,255,255) !important;}&#187; el_id=&#187;particles_animation&#187; el_class=&#187;particles_on_top&#187;][vc_column width=&#187;2\/3&#8243; el_class=&#187;trapezoid&#187; css=&#187;.vc_custom_1698930906608{padding-top: 30px !important;padding-right: 20px !important;}&#187;][\/vc_column][\/vc_row][vc_row disable_element=&#187;yes&#187; bg_type=&#187;bg_color&#187; bg_override=&#187;full&#187; bg_color_value=&#187;rgba(0,0,0,0.9)&#187; css=&#187;.vc_custom_1580635336267{margin-top: 0px !important;margin-bottom: 0px !important;border-top-width: 0px !important;border-bottom-width: 0px !important;padding-top: 0px !important;padding-bottom: 0px !important;}&#187;][vc_column width=&#187;1\/3&#8243; css=&#187;.vc_custom_1580146287404{margin-top: 0px !important;margin-bottom: 0px !important;border-top-width: 0px&#8230;<\/p>\n","protected":false},"author":1,"featured_media":0,"parent":0,"menu_order":0,"comment_status":"closed","ping_status":"closed","template":"","meta":{"_monsterinsights_skip_tracking":false,"_monsterinsights_sitenote_active":false,"_monsterinsights_sitenote_note":"","_monsterinsights_sitenote_category":0,"footnotes":""},"class_list":["post-659","page","type-page","status-publish","hentry"],"yoast_head":"<!-- This site is optimized with the Yoast SEO plugin v27.2 - https:\/\/yoast.com\/product\/yoast-seo-wordpress\/ -->\n<title>SAP Basis - SAP Monitoring - SAP on Azure - ZeroFault Solutions<\/title>\n<meta name=\"description\" content=\"Ihr spezialisierter SAP Basis &amp; Technology Dienstleister mit Fokus auf moderne L\u00f6sungen und einen stabilen, nachhaltigen SAP System Betrieb.\" \/>\n<meta name=\"robots\" content=\"index, follow, max-snippet:-1, max-image-preview:large, max-video-preview:-1\" \/>\n<link rel=\"canonical\" href=\"https:\/\/zf-solutions.com\/\" \/>\n<meta property=\"og:locale\" content=\"de_DE\" \/>\n<meta property=\"og:type\" content=\"article\" \/>\n<meta property=\"og:title\" content=\"SAP Basis - SAP Monitoring - SAP on Azure - ZeroFault Solutions\" \/>\n<meta property=\"og:description\" content=\"Ihr spezialisierter SAP Basis &amp; Technology Dienstleister mit Fokus auf moderne L\u00f6sungen und einen stabilen, nachhaltigen SAP System Betrieb.\" \/>\n<meta property=\"og:url\" content=\"https:\/\/zf-solutions.com\/\" \/>\n<meta property=\"og:site_name\" content=\"ZeroFault Solutions\" \/>\n<meta property=\"article:modified_time\" content=\"2023-11-02T13:37:49+00:00\" \/>\n<meta name=\"twitter:card\" content=\"summary_large_image\" \/>\n<meta name=\"twitter:label1\" content=\"Gesch\u00e4tzte Lesezeit\" \/>\n\t<meta name=\"twitter:data1\" content=\"4\u00a0Minuten\" \/>\n<script type=\"application\/ld+json\" class=\"yoast-schema-graph\">{\"@context\":\"https:\/\/schema.org\",\"@graph\":[{\"@type\":\"WebPage\",\"@id\":\"https:\/\/zf-solutions.com\/\",\"url\":\"https:\/\/zf-solutions.com\/\",\"name\":\"SAP Basis - SAP Monitoring - SAP on Azure - ZeroFault Solutions\",\"isPartOf\":{\"@id\":\"https:\/\/zf-solutions.com\/#website\"},\"datePublished\":\"2017-02-12T14:45:10+00:00\",\"dateModified\":\"2023-11-02T13:37:49+00:00\",\"description\":\"Ihr spezialisierter SAP Basis & Technology Dienstleister mit Fokus auf moderne L\u00f6sungen und einen stabilen, nachhaltigen SAP System Betrieb.\",\"breadcrumb\":{\"@id\":\"https:\/\/zf-solutions.com\/#breadcrumb\"},\"inLanguage\":\"de-CH\",\"potentialAction\":[{\"@type\":\"ReadAction\",\"target\":[\"https:\/\/zf-solutions.com\/\"]}]},{\"@type\":\"BreadcrumbList\",\"@id\":\"https:\/\/zf-solutions.com\/#breadcrumb\",\"itemListElement\":[{\"@type\":\"ListItem\",\"position\":1,\"name\":\"Home\",\"item\":\"https:\/\/zf-solutions.com\/\"},{\"@type\":\"ListItem\",\"position\":2,\"name\":\"Home\"}]},{\"@type\":\"WebSite\",\"@id\":\"https:\/\/zf-solutions.com\/#website\",\"url\":\"https:\/\/zf-solutions.com\/\",\"name\":\"ZeroFault Solutions\",\"description\":\"SAP Basis | SAP Monitoring | SAP on Azure\",\"publisher\":{\"@id\":\"https:\/\/zf-solutions.com\/#organization\"},\"potentialAction\":[{\"@type\":\"SearchAction\",\"target\":{\"@type\":\"EntryPoint\",\"urlTemplate\":\"https:\/\/zf-solutions.com\/?s={search_term_string}\"},\"query-input\":{\"@type\":\"PropertyValueSpecification\",\"valueRequired\":true,\"valueName\":\"search_term_string\"}}],\"inLanguage\":\"de-CH\"},{\"@type\":\"Organization\",\"@id\":\"https:\/\/zf-solutions.com\/#organization\",\"name\":\"ZeroFault Solutions\",\"url\":\"https:\/\/zf-solutions.com\/\",\"logo\":{\"@type\":\"ImageObject\",\"inLanguage\":\"de-CH\",\"@id\":\"https:\/\/zf-solutions.com\/#\/schema\/logo\/image\/\",\"url\":\"https:\/\/zf-solutions.com\/wp-content\/uploads\/2019\/07\/logo_red_black_teams.png\",\"contentUrl\":\"https:\/\/zf-solutions.com\/wp-content\/uploads\/2019\/07\/logo_red_black_teams.png\",\"width\":516,\"height\":129,\"caption\":\"ZeroFault Solutions\"},\"image\":{\"@id\":\"https:\/\/zf-solutions.com\/#\/schema\/logo\/image\/\"},\"sameAs\":[\"https:\/\/www.linkedin.com\/company\/zerofault-solutions-gmbh\/\"]}]}<\/script>\n<!-- \/ Yoast SEO plugin. -->","yoast_head_json":{"title":"SAP Basis - SAP Monitoring - SAP on Azure - ZeroFault Solutions","description":"Ihr spezialisierter SAP Basis & Technology Dienstleister mit Fokus auf moderne L\u00f6sungen und einen stabilen, nachhaltigen SAP System Betrieb.","robots":{"index":"index","follow":"follow","max-snippet":"max-snippet:-1","max-image-preview":"max-image-preview:large","max-video-preview":"max-video-preview:-1"},"canonical":"https:\/\/zf-solutions.com\/","og_locale":"de_DE","og_type":"article","og_title":"SAP Basis - SAP Monitoring - SAP on Azure - ZeroFault Solutions","og_description":"Ihr spezialisierter SAP Basis & Technology Dienstleister mit Fokus auf moderne L\u00f6sungen und einen stabilen, nachhaltigen SAP System Betrieb.","og_url":"https:\/\/zf-solutions.com\/","og_site_name":"ZeroFault Solutions","article_modified_time":"2023-11-02T13:37:49+00:00","twitter_card":"summary_large_image","twitter_misc":{"Gesch\u00e4tzte Lesezeit":"4\u00a0Minuten"},"schema":{"@context":"https:\/\/schema.org","@graph":[{"@type":"WebPage","@id":"https:\/\/zf-solutions.com\/","url":"https:\/\/zf-solutions.com\/","name":"SAP Basis - SAP Monitoring - SAP on Azure - ZeroFault Solutions","isPartOf":{"@id":"https:\/\/zf-solutions.com\/#website"},"datePublished":"2017-02-12T14:45:10+00:00","dateModified":"2023-11-02T13:37:49+00:00","description":"Ihr spezialisierter SAP Basis & Technology Dienstleister mit Fokus auf moderne L\u00f6sungen und einen stabilen, nachhaltigen SAP System Betrieb.","breadcrumb":{"@id":"https:\/\/zf-solutions.com\/#breadcrumb"},"inLanguage":"de-CH","potentialAction":[{"@type":"ReadAction","target":["https:\/\/zf-solutions.com\/"]}]},{"@type":"BreadcrumbList","@id":"https:\/\/zf-solutions.com\/#breadcrumb","itemListElement":[{"@type":"ListItem","position":1,"name":"Home","item":"https:\/\/zf-solutions.com\/"},{"@type":"ListItem","position":2,"name":"Home"}]},{"@type":"WebSite","@id":"https:\/\/zf-solutions.com\/#website","url":"https:\/\/zf-solutions.com\/","name":"ZeroFault Solutions","description":"SAP Basis | SAP Monitoring | SAP on Azure","publisher":{"@id":"https:\/\/zf-solutions.com\/#organization"},"potentialAction":[{"@type":"SearchAction","target":{"@type":"EntryPoint","urlTemplate":"https:\/\/zf-solutions.com\/?s={search_term_string}"},"query-input":{"@type":"PropertyValueSpecification","valueRequired":true,"valueName":"search_term_string"}}],"inLanguage":"de-CH"},{"@type":"Organization","@id":"https:\/\/zf-solutions.com\/#organization","name":"ZeroFault Solutions","url":"https:\/\/zf-solutions.com\/","logo":{"@type":"ImageObject","inLanguage":"de-CH","@id":"https:\/\/zf-solutions.com\/#\/schema\/logo\/image\/","url":"https:\/\/zf-solutions.com\/wp-content\/uploads\/2019\/07\/logo_red_black_teams.png","contentUrl":"https:\/\/zf-solutions.com\/wp-content\/uploads\/2019\/07\/logo_red_black_teams.png","width":516,"height":129,"caption":"ZeroFault Solutions"},"image":{"@id":"https:\/\/zf-solutions.com\/#\/schema\/logo\/image\/"},"sameAs":["https:\/\/www.linkedin.com\/company\/zerofault-solutions-gmbh\/"]}]}},"_links":{"self":[{"href":"https:\/\/zf-solutions.com\/index.php\/wp-json\/wp\/v2\/pages\/659","targetHints":{"allow":["GET"]}}],"collection":[{"href":"https:\/\/zf-solutions.com\/index.php\/wp-json\/wp\/v2\/pages"}],"about":[{"href":"https:\/\/zf-solutions.com\/index.php\/wp-json\/wp\/v2\/types\/page"}],"author":[{"embeddable":true,"href":"https:\/\/zf-solutions.com\/index.php\/wp-json\/wp\/v2\/users\/1"}],"replies":[{"embeddable":true,"href":"https:\/\/zf-solutions.com\/index.php\/wp-json\/wp\/v2\/comments?post=659"}],"version-history":[{"count":118,"href":"https:\/\/zf-solutions.com\/index.php\/wp-json\/wp\/v2\/pages\/659\/revisions"}],"predecessor-version":[{"id":6930,"href":"https:\/\/zf-solutions.com\/index.php\/wp-json\/wp\/v2\/pages\/659\/revisions\/6930"}],"wp:attachment":[{"href":"https:\/\/zf-solutions.com\/index.php\/wp-json\/wp\/v2\/media?parent=659"}],"curies":[{"name":"wp","href":"https:\/\/api.w.org\/{rel}","templated":true}]}}